{"id":146,"date":"2012-08-13T23:48:11","date_gmt":"2012-08-13T23:48:11","guid":{"rendered":"https:\/\/dascomachine.com.au\/?page_id=146"},"modified":"2012-08-14T00:21:20","modified_gmt":"2012-08-14T00:21:20","slug":"ws-2-plus","status":"publish","type":"page","link":"https:\/\/dascomachine.com.au\/?page_id=146","title":{"rendered":"WS 2 Plus"},"content":{"rendered":"<p><strong><a href=\"https:\/\/dascomachine.com.au\/wp-content\/uploads\/WS2-Plus-details.pdf\"><img loading=\"lazy\" decoding=\"async\" class=\"alignleft size-full wp-image-160\" title=\"ws2plus\" src=\"https:\/\/dascomachine.com.au\/wp-content\/uploads\/ws2plus.jpg\" alt=\"\" width=\"348\" height=\"259\" srcset=\"https:\/\/dascomachine.com.au\/wp-content\/uploads\/ws2plus.jpg 348w, https:\/\/dascomachine.com.au\/wp-content\/uploads\/ws2plus-300x223.jpg 300w\" sizes=\"auto, (max-width: 348px) 100vw, 348px\" \/><\/a>WS2 Plus from \u00d8<\/strong> <strong>52 mm<\/strong> <strong>to<\/strong> <strong>\u00d8 450 mm<\/strong><\/p>\n<h3><a href=\"https:\/\/dascomachine.com.au\/wp-content\/uploads\/WS2-Plus-details.pdf\" target=\"_blank\"><span><span style=\"color: #ff0000;\">Click here for PDF Specification Sheet<\/span><\/span><\/a><\/h3>\n<p>&nbsp;<\/p>\n<table width=\"100%\" border=\"1\" cellspacing=\"0\" cellpadding=\"0\">\n<tbody>\n<tr>\n<td width=\"37%\">IN LINE BORING ALSO IN BLIND HOLES<\/td>\n<td width=\"40%\">FROM <strong>\u00d8<\/strong><strong> 52 MM<\/strong><strong> <\/strong>TO MORE THAN <strong>\u00d8 450 MM<\/strong><\/td>\n<\/tr>\n<tr>\n<td width=\"37%\">INTERNAL WELDING ALSO IN BLIND HOLES<strong><em><\/em><\/strong><\/td>\n<td width=\"40%\">FROM <strong>\u00d8<\/strong><strong> 25 MM<\/strong> TO MORE THAN <strong>\u00d8 450 MM<\/strong><\/td>\n<\/tr>\n<tr>\n<td width=\"37%\">EXTERNAL WELDING<\/td>\n<td width=\"40%\">FROM <strong>\u00d8<\/strong><strong> <\/strong><strong>20<\/strong><strong> MM<\/strong> TO MORE THAN <strong>\u00d8 450 MM<\/strong><\/td>\n<\/tr>\n<tr>\n<td width=\"37%\">TAPPING (WITH MALE)<strong><em><\/em><\/strong><\/td>\n<td width=\"40%\">FROM <strong>\u00d8 8 MM<\/strong> TO A\u00a0 MAXIMUM OF <strong>\u00d8 45 MM<\/strong><\/td>\n<\/tr>\n<tr>\n<td width=\"37%\">DRILLING (WITH SPIRAL BIT)<\/td>\n<td width=\"40%\">FROM <strong>\u00d8 5 MM<\/strong> TO A MAXIMUM OF <strong>\u00d8 45 MM<\/strong><\/td>\n<\/tr>\n<\/tbody>\n<\/table>\n<p><strong>EQUIPPED WITH THE FOLLOWING STANDARD KIT:<\/strong><\/p>\n<p>&nbsp;<\/p>\n<p>&nbsp;<\/p>\n<p><strong>N\u00b0\u00a0\u00a0 1 DRIVE UNIT<\/strong><\/p>\n<p><strong>N\u00b0 \u00a0\u00a01 CONTROL PANEL<\/strong><\/p>\n<p><strong>N\u00b0 \u00a0\u00a01 CABLE FOR CONTROL PANEL<\/strong><\/p>\n<p><strong>N\u00b0 \u00a0\u00a01 CONTROL PANEL HOLDER<\/strong><\/p>\n<p><strong>N\u00b0 \u00a0\u00a03 CONNECTABLE MAIN TOOL HOLDERS \u00f8 50 mm Lgth. 1000mm + <\/strong><\/p>\n<p><strong>\u00a0\u00a0\u00a0\u00a0\u00a0 \u00a0\u00a0\u00a0\u00a01000mm + 860 mm: Tot. Usable lgth. 2660 mm<\/strong><\/p>\n<p><strong>N\u00b0 \u00a0\u00a04 BEARING CARRIERS <\/strong><\/p>\n<p><strong>N\u00b0 24 BRACKETS FOR ADJUSTING DIAMETERS (N\u00b0 12 X 50 MM, N\u00b0 6 X <\/strong><\/p>\n<p><strong>\u00a0\u00a0\u00a0\u00a0\u00a0\u00a0\u00a0\u00a0\u00a0 100 MM, N\u00b0 6 X 230 MM)\u00a0<\/strong><\/p>\n<p><strong>N\u00b0 \u00a0\u00a01 CENTERING KIT (2 RINGS &#8211; 6 BOSSES &#8211; 6 SCREWS M10x60 mm)<\/strong><\/p>\n<p><strong>N\u00b0 \u00a0\u00a06 THREADED BARS M10 X 250 mm FOR CENTERING KIT, <\/strong><\/p>\n<p><strong>N\u00b0\u00a0\u00a0 5 CARBIDE INSERTS<\/strong><\/p>\n<p><strong>N\u00b0 \u00a0\u00a01 TOOL HOLDER S10C x 50 mm (COMPLETE WITH WRENCH AND <\/strong><\/p>\n<p><strong>\u00a0\u00a0\u00a0\u00a0\u00a0\u00a0\u00a0\u00a0\u00a0 TORX SCREW)<\/strong><\/p>\n<p><strong>N\u00b0 \u00a0\u00a01 TOOL HOLDER S12C x 80 mm (COMPLETE WITH WRENCH AND <\/strong><\/p>\n<p><strong>\u00a0\u00a0\u00a0\u00a0\u00a0\u00a0\u00a0\u00a0\u00a0 TORX SCREW)<\/strong><\/p>\n<p><strong>N\u00b0 \u00a0\u00a05 TOOL-HOLDER EXTENSIONS (\u00d8 90 MM + \u00d8 150 MM + \u00d8\u00a0 230 MM \u00a0\u00a0<\/strong><\/p>\n<p><strong>\u00a0\u00a0\u00a0\u00a0\u00a0\u00a0\u00a0\u00a0\u00a0\u00a0 + 2 KNUX TYPE EXTENSIONS LGTH 100 MM + 150 MM),<\/strong><\/p>\n<p><strong>N\u00b0 \u00a0\u00a01 SMALL HOOK \u00f8 35mm (device for regulating cutting depth of tool <\/strong><\/p>\n<p><strong>\u00a0\u00a0\u00a0\u00a0\u00a0\u00a0\u00a0\u00a0\u00a0\u00a0 holder)<\/strong><\/p>\n<p><strong>N\u00b0 \u00a0\u00a01 MICROSPAND (MODULAR DEVICE USED FOR INTERNAL <\/strong><\/p>\n<p><strong>\u00a0\u00a0\u00a0\u00a0\u00a0 \u00a0\u00a0\u00a0\u00a0MEASUREMENTS)<\/strong><\/p>\n<p><strong>N\u00b0\u00a0\u00a0 3 MICROSPAND EXTENSIONS (n\u00b0 1) 100 MM + (N\u00b0 2 ) 50 MM\u00a0 <\/strong><\/p>\n<p><strong>N\u00b0\u00a0\u00a0 1 COMPARATOR\u00a01\/100 <\/strong><\/p>\n<p><strong>N\u00b0\u00a0\u00a0 1 COMPARATOR\u00a0 EXTENSION<\/strong><\/p>\n<p><strong>N\u00b0\u00a0\u00a0 2 COMPARATOR HOLDER 8\/8 \u2013 10\/8<\/strong><\/p>\n<p><strong>N\u00b0 \u00a0\u00a01 WELDING TORCH CABLE WITH EUR-FITTING, <\/strong><\/p>\n<p><strong>N\u00b0 \u00a0\u00a01 TELESCOPIC WELDING TORCH SHAFT \u00d8 40 MM TOTAL LGTH. <\/strong><\/p>\n<p><strong>\u00a0\u00a0\u00a0\u00a0\u00a0\u00a0\u00a0\u00a0\u00a0 1500 MM<\/strong><\/p>\n<p><strong>N\u00b0 \u00a0\u00a02 ADAPTING BUSHINGS FOR TORCH SHAFT LGTH 90 \u2013 LGTH. 150<\/strong><\/p>\n<p><strong>N\u00b0 \u00a0\u00a04 TORCH-HEADS FOR INTERNAL OVERLAY WELDING C\/W <\/strong><\/p>\n<p><strong>\u00a0\u00a0\u00a0\u00a0\u00a0\u00a0\u00a0\u00a0\u00a0 WELDING WIRE NOZZLES AND GAS DIFFUSER (B 125 MM + C 90 <\/strong><\/p>\n<p><strong>\u00a0\u00a0\u00a0\u00a0\u00a0\u00a0\u00a0\u00a0\u00a0 MM + G 180 MM + M 70 MM),<\/strong><\/p>\n<p><strong>N\u00b0 \u00a0\u00a01 TORCH-HEAD FOR EXTERNAL OVERLAY WELDING C\/W <\/strong><\/p>\n<p><strong>\u00a0\u00a0\u00a0\u00a0\u00a0\u00a0\u00a0\u00a0\u00a0 WELDING WIRE NOZZLES AND GAS DIFFUSER (A 320 MM)<\/strong><\/p>\n<p><strong>N\u00b0 \u00a0\u00a03 TORCH-HEADS EXTENSIONS (D 55 mm + E 45 mm + H 135 mm)<\/strong><\/p>\n<p><strong>N\u00b0 \u00a0\u00a01 LATHED WELDING WIRE NOZZLE \u00d8 0.8<\/strong><\/p>\n<p><strong>N\u00b0 \u00a0\u00a02 SHORT WELDING WIRE NOZZLES \u00f8 0,8 mm\u00a0 \u2013 \u00f8 1 mm, <\/strong><\/p>\n<p><strong>N\u00b0 \u00a0\u00a02 LONG WELDING WIRE NOZZLES \u00f8 0,8 mm\u00a0 \u2013 \u00f8 1 mm, <\/strong><\/p>\n<p><strong>WRENCHES<\/strong><\/p>\n<p><strong>OPERATION MANUAL<\/strong><\/p>\n","protected":false},"excerpt":{"rendered":"<p>WS2 Plus from \u00d8 52 mm to \u00d8 450 mm Click here for PDF Specification Sheet &nbsp; IN LINE BORING ALSO IN BLIND HOLES FROM \u00d8 52 MM TO MORE THAN \u00d8 450 MM INTERNAL WELDING ALSO IN BLIND HOLES &hellip; <a href=\"https:\/\/dascomachine.com.au\/?page_id=146\">Get more information <span class=\"meta-nav\">&rarr;<\/span><\/a><\/p>\n","protected":false},"author":1,"featured_media":0,"parent":0,"menu_order":0,"comment_status":"open","ping_status":"open","template":"","meta":{"footnotes":""},"class_list":["post-146","page","type-page","status-publish","hentry"],"_links":{"self":[{"href":"https:\/\/dascomachine.com.au\/index.php?rest_route=\/wp\/v2\/pages\/146","targetHints":{"allow":["GET"]}}],"collection":[{"href":"https:\/\/dascomachine.com.au\/index.php?rest_route=\/wp\/v2\/pages"}],"about":[{"href":"https:\/\/dascomachine.com.au\/index.php?rest_route=\/wp\/v2\/types\/page"}],"author":[{"embeddable":true,"href":"https:\/\/dascomachine.com.au\/index.php?rest_route=\/wp\/v2\/users\/1"}],"replies":[{"embeddable":true,"href":"https:\/\/dascomachine.com.au\/index.php?rest_route=%2Fwp%2Fv2%2Fcomments&post=146"}],"version-history":[{"count":5,"href":"https:\/\/dascomachine.com.au\/index.php?rest_route=\/wp\/v2\/pages\/146\/revisions"}],"predecessor-version":[{"id":182,"href":"https:\/\/dascomachine.com.au\/index.php?rest_route=\/wp\/v2\/pages\/146\/revisions\/182"}],"wp:attachment":[{"href":"https:\/\/dascomachine.com.au\/index.php?rest_route=%2Fwp%2Fv2%2Fmedia&parent=146"}],"curies":[{"name":"wp","href":"https:\/\/api.w.org\/{rel}","templated":true}]}}